 11?
-10010112
In base 13, what is -2 - -29392?
29390
In base 15, what is -ea7d5 - 1?
-ea7d6
In base 7, what is 4103 - -1044?
5150
In base 11, what is -25 + 16634?
1660a
In base 15, what is -43766 - 3?
-43769
In base 11, what is -420 + 2661?
2241
In base 12, what is 2359 - -83?
2420
In base 4, what is 3 + -202302213?
-202302210
In base 3, what is 12 - -11012200110?
11012200122
In base 11, what is -14305 + 1?
-14304
In base 3, what is -200012212 - -1020?
-200011122
In base 6, what is -5 + -10322313?
-10322322
In base 15, what is -12ae0 - -1?
-12ade
In base 16, what is -6 - -1d9a?
1d94
In base 3, what is 21201020 - -220?
21202010
In base 14, what is -2423 - -206?
-221b
In base 8, what is 1213251 + 4?
1213255
In base 4, what is -221 - -30111?
23230
In base 16, what is 77 - -71b?
792
In base 8, what is 3 + -3164?
-3161
In base 13, what is 20b18 + -14?
20b04
In base 15, what is -b9550 - -2?
-b954d
In base 4, what is -3 - 1212332213?
-1212332222
In base 10, what is 1344 - 29?
1315
In base 2, what is -1001111001100001 - 101?
-1001111001100110
In base 9, what is -7 - -140111?
140103
In base 14, what is a5c7 - 2?
a5c5
In base 12, what is 1 + -37059?
-37058
In base 15, what is -315 + 490?
17a
In base 9, what is -21404 - -13?
-21381
In base 3, what is 110202010102 - 102?
110202010000
In base 9, what is -57556 + 1?
-57555
In base 10, what is 22377 - 5?
22372
In base 6, what is 11545 + 3?
11552
In base 8, what is -3 - -2421653?
2421650
In base 6, what is -22 + -43511?
-43533
In base 8, what is 5 + 10631?
10636
In base 11, what is -3 - -5347?
5344
In base 14, what is -51225 - -5?
-51220
In base 9, what is -541 - -161?
-370
In base 10, what is 18 + -33690?
-33672
In base 6, what is 1 + 40310?
40311
In base 14, what is -3c5 - 386?
-76b
In base 7, what is 34130 - 5?
34122
In base 15, what is -d6b08 + -5?
-d6b0d
In base 14, what is 4 - 66c96?
-66c92
In base 10, what is 1 + 46123?
46124
In base 16, what is -999a10 + 1?
-999a0f
In base 11, what is -644 - 41?
-685
In base 16, what is -48d7b - -9?
-48d72
In base 9, what is -5 + -3220212?
-3220217
In base 8, what is 544711 - -6?
544717
In base 12, what is 107 - -263?
36a
In base 6, what is 13 - -5003445?
5003502
In base 13, what is 79c4 - 10?
79b4
In base 13, what is -31 - -743a?
7409
In base 5, what is -331011202 - -3?
-331011144
In base 13, what is -5 + -41311?
-41316
In base 4, what is -1132 + 1023?
-103
In base 13, what is 3ba - 18?
3a2
In base 6, what is 2 - 41254?
-41252
In base 8, what is -33463220 - -2?
-33463216
In base 10, what is -157 - -1152?
995
In base 2, what is 10010001010 + -10100?
10001110110
In base 14, what is -306 + -a1?
-3a7
In base 11, what is 6a - 360?
-2a1
In base 5, what is -1034 + -421?
-2010
In base 9, what is -3160 - -12?
-3147
In base 9, what is -4 - 14187?
-14202
In base 7, what is 11444 + -15?
11426
In base 11, what is -4 - 411521?
-411525
In base 8, what is 42 - 130?
-66
In base 3, what is -1202 - 102111001?
-102112210
In base 2, what is 100011110100001 + -110?
100011110011011
In base 5, what is -411 - 2000?
-2411
In base 10, what is -2541 + -6?
-2547
In base 7, what is 34235563 - -4?
34235600
In base 10, what is 302 - -345?
647
In base 9, what is 57881 + 3?
57884
In base 5, what is 10 - 22241202?
-22241142
In base 12, what is -60861 + 2?
-6085b
In base 9, what is 562 + -10?
552
In base 11, what is 2 - 455a52?
-455a50
In base 2, what is 11010001010 - 1000010?
11001001000
In base 4, what is 313 + -2212?
-1233
In base 13, what is 1 + 111cc8?
111cc9
In base 8, what is -1 + -27766?
-27767
In base 6, what is -2025434 + 2?
-2025432
In base 11, what is -606 - 232?
-838
In base 9, what is 17652 - 1?
17651
In base 6, what is -40224 - -5?
-40215
In base 8, what is 2224 + -217?
2005
In base 8, what is 505 + -7405?
-6700
In base 11, what is 259097 + 3?
25909a
In base 8, what is 265534 - 40?
265474
In base 10, what is 664 + -1?
663
In base 7, what is 11315311 - -4?
11315315
In base 8, what is -4 - -1640147?
1640143
In base 2, what is -101010101010101 - 11011?
-101010101110000
In base 9, what is -18678 + -2?
-18681
In base 12, what is -64 - -137?
93
In base 4, what is 2222303100 - -1?
2222303101
In base 15, what is 4050 - 8?
4047
In base 16, what is -94 + 15d?
c9
In base 5, what is -123 + 103441?
103313
In base 4, what is -230302302 + 0?
-230302302
In base 6, what is 11 - -3254215?
3254230
In base 14, what is -1c1 - -15?
-1aa
In base 7, what is 3 + -41020?
-41014
In base 5, what is 310 - -222401?
223211
In base 3, what is 201201111220 - -1?
201201111221
In base 15, what is 1e777 + 3?
1e77a
In base 3, what is -21211 - 21221?
-120202
In base 3, what is -1 + 1100211211?
1100211210
In base 9, what is -12241 + -1?
-12242
In base 3, what is -10200 + -2?
-10202
In base 15, what is -1 - -90895?
90894
In base 7, what is 156 + 45500?
45656
In base 15, what is -a87 - 5a?
-ae2
In base 16, what is a2f07 + 2?
a2f09
In base 7, what is 1120 - 11314?
-10164
In base 10, what is 67250 - -4?
67254
In base 13, what is 4 + 91732?
91736
In base 3, what is 100121 + 101200?
202021
In base 14, what is -3 + -1bc680?
-1bc683
In base 10, what is 665276 - -5?
665281
In base 10, what is 232035 + -1?
232034
In base 6, what is -3334134 - 2?
-3334140
In base 12, what is -2 + -8600?
-8602
In base 8, what is 107 + -35?
52
In base 8, what is 275242 + -7?
275233
In base 8, what is -1037321 - 7?
-1037330
In base 8, what is 167245 + 2?
167247
In base 11, what is -5 + 4158?
4153
In base 5, what is -4201304 + -3?
-4201312
In base 14, what is 1 - 52ba0?
-52b9d
In base 5, what is 4 - 31304110?
-31304101
In base 5, what is 224 - 203?
21
In base 5, what is 100003143 + 12?
100003210
In base 8, what is -1 - -33241?
33240
In base 11, what is -2227 - 1a90?
-4207
In base 13, what is 7 + -6bab2?
-6baa8
In base 12, what is -546 + 3b?
-507
In base 5, what is -21 + -44303?
-44324
In base 16, what is -1 - -4d1?
4d0
In base 15, what is 7e + -19d7?
-1958
In base 7, what is -21642 + -2431?
-24403
In base 5, what is 401430 - 14?
401411
In base 11, what is -17 - -182?
166
In base 15, what is -7ac + 345?
-467
In base 8, what is -30 + -4414?
-4444
In base 5, what is 10320122330 - -1?
10320122331
In base 3, what is -2002012 + -20200?
-2022212
In base 8, what is -425 - -12536?
12111
In base 3, what is -222 - 2111111?
-2112110
In base 10, what is 230387 + -2?
230385
In base 12, what is 3b90b - 5?
3b906
In base 4, what is 102301 - 1031313?
-323012
In base 2, what is -110001100 - 1101101?
-111111001
In base 5, what is 1010104013 - 4?
1010104004
In base 15, what is 6 + 1cb2?
1cb8
In base 4, what is 20200200 + -321?
20133213
In base 16, what is c1 + 9a?
15b
In base 10, what is 3 - 10623?
-10620
In base 6, what is 310 - -3242?
3552
In base 10, what is -409 + -618?
-1027
In base 11, what is -92a0 + -6?
-92a6
In base 15, what is -17 - 37a?
-392
In base 7, what is 0 + -115443?
-115443
In base 2, what is 101 + 10110000101110111?
10110000101111100
In base 14, what is -4333 + -1?
-4334
In base 8, what is -5 + 6721673?
6721666
In base 11, what is -69315 - 0?
-69315
In base 10, what is -1346 + 3?
-1343
In base 2, what is -1 + -1110100001000111?
-1110100001001000
In base 14, what is 6 + -10bd4?
-10bcc
In base 7, what is 361 - -16?
410
In base 6, what is -133 - 432143?
-432320
In base 16, what is -f + 21d81?
21d72
In base 8, what is -7 - -70672?
70663
In base 4, what is 1213 - 2300323?
-2233110
In base 11, what is -7 - a4164?
-a4170
In base 8, what is -26 + 1270?
1242
In base 2, what is 1111001010110 + -1001?
1111001001101
In base 8, what is 0 - -31744?
31744
In base 15, what is -a4 - -2559?
24a5
In base 11, what is 0 - -2aa?
2aa
In base 2, what is -10111011 - -11101001100010?
11100110100111
In base 10, what is 1238 - 2?
1236
In base 10, what is -13098 - -48?
-13050
In base 6, what is -110403 - -4?
-110355
In base 16, what is -4 - 32ca?
-32ce
In base 4, what is -1223323 - -121?
-1223202
In base 16, what is -1 - -14a84?
14a83
In base 11, what is -14132 + -4?
-14136
In base 6, what is 10254010 + 5?
10254015
In base 10, what is -78 - -87?
9
In base 2, what is -101 - -100100101110010?
100100101101101
In base 7, what is 1 - 10053653?
-10053652
In base 16, what is -3785 - dd?
-3862
In base 7, what is 13 - 41635?
-41622
In base 14, what is c - -137a?
1388
In base 13, what is 3a 